*v + x. What is the units digit of t?
2
Let x = 6 + 0. What is the units digit of x?
6
Let n(o) = 14*o - 37. What is the tens digit of n(4)?
1
Let m = 3 + 0. Suppose -6*i = -m*i + 2*h - 7, 3*h = -i. What is the units digit of i?
3
Let b be 1 - (-1 + 0 + -2). Suppose 3 = b*a - 25. What is the units digit of a?
7
Suppose 10*u - 5*u = 0. Suppose -2*z - z + 42 = u. What is the tens digit of z?
1
Suppose 2*g - 2 = -n + 16, -n - 10 = -5*g. Suppose -2*o = 3*o + z - n, -15 = 3*z. What is the units digit of o?
3
Let u(m) = m**3 + 18*m**2 - 15*m - 24. What is the units digit of u(-18)?
6
Let q be (-9)/(-21) - 1702/(-14). Let u be q/8 + (-1)/4. Suppose -4*h + 13 = -u. What is the units digit of h?
7
Let a(w) = -w**2 + 0*w**3 - 3 + w**3 - w**2 + 3*w. Let p be a(2). Suppose -p = s - 5. What is the units digit of s?
2
Let y be (-34)/(-9) - (-4)/18. Suppose -168 = -4*x + y*c, 0*c = 3*c. What is the tens digit of x?
4
Suppose 4*j - j - 24 = 0. What is the units digit of j?
8
Suppose -2*y - 14 = h - 5*h, -4*y + 4 = 0. Let p = 6 + h. Suppose -2*g = j - 25, 0*g - g = 3*j - p. What is the units digit of g?
3
Let d(w) = w**3 + 9*w**2 - 10*w - 14. What is the hundreds digit of d(-6)?
1
Let f be ((-4)/8)/((-1)/6). Let x = -1 - -17. Suppose f*a - g + 5*g = 55, 0 = -4*g + x. What is the units digit of a?
3
Let p be ((-2)/(-3))/((-7)/84). Let q = p - -16. What is the units digit of q?
8
Let c = 115 - 51. What is the tens digit of c?
6
Let x be 3*1 + 4 + -3. Suppose -r = -o - x, 4*r = -2*o - 3 + 7. What is the tens digit of (1 + o)/3*-33?
1
Let z be ((-9)/15)/((-1)/5). What is the units digit of 78/(2/1) - z?
6
Suppose 2*n = -0*n + 10. Suppose 4*t - 51 = n*j + 8, t = -2*j + 31. What is the tens digit of t?
2
Let n = -7 + 4. Let a = 0 - n. What is the units digit of a?
3
Let g = 58 - -29. Suppose 3*z - g = -3*s, -4*z + 147 = 5*s - 0*z. Suppose -2*c + s = 2*k + k, 2*c - 10 = 0. What is the units digit of k?
7
Suppose 0 = 5*k + 5*c + 10, -3*c - 27 = -4*k - 7. Suppose 2 = z + w - k*w, -3*z + 6 = 2*w. What is the units digit of z?
2
Let k(m) = 76*m + 11. What is the units digit of k(4)?
5
Let c be (4/6)/(1/(-3)). What is the units digit of c/((-4)/6) + 1?
4
Let s(y) = 0 + 2*y + y**2 - 1 - 2. What is the tens digit of s(-5)?
1
Let r(j) = -j + 7. Let z(s) = -1. Let p(n) = r(n) - z(n). What is the tens digit of p(-9)?
1
Suppose -5*x - 1845 = 2*c, -2*c = -2*x + 6*x + 1476. What is the tens digit of x/(-21) - (-6)/14?
1
Suppose 3 = 2*x + 5. Let y be -1 - x*(-3)/1. Let d(f) = f**3 + 5*f**2 + 4*f + 2. What is the units digit of d(y)?
2
Let z be (-10)/(-4) - 1/(-2). Let p be 4/10 - 198/(-55). Suppose z*x + 4 = p*x. What is the units digit of x?
4
Let s = -3 + 7. Let n(r) = r - 1. Let b be n(s). Suppose -21 = -3*c - 3*q + 12, -4*c - b*q = -41. What is the units digit of c?
8
Let w(y) = y + 2. Let f be (-12)/8 - (-1)/(-2). Let j(i) = -i**3 + 3*i + 1. Let r be j(f). What is the units digit of w(r)?
5
Let z(q) = 205*q + 5. What is the hundreds digit of z(2)?
4
Let w(l) = l + 8. Let y = 7 + 16. Suppose -32 = 5*i - 3*b, -i + 2*b + y = -4*i. What is the units digit of w(i)?
1
What is the tens digit of 12/18*(-75)/(-2)?
2
Let h(l) = 133*l**2 + 2*l + 3. What is the hundreds digit of h(-1)?
1
Let v(c) = -c**3 - 2*c**2 + c - 1. Let m be v(-3). Suppose 5 - 2 = 4*u - m*a, -3*a + 9 = 3*u. What is the units digit of u?
2
Let r = 1 - -1. Suppose m - r = -1. What is the units digit of -12*1*m/(-2)?
6
Let l(j) = j**3 + 10*j**2 + 9*j - 1. Let x be l(-9). Let r(c) = -c**3 + c - 1. Let n be r(0). What is the units digit of (1 - x)/n + 13?
1
Let d(x) = 2*x - 8. Let o be d(4). Let l(u) = 2*u + 3 - 3*u + u**2 - 2*u**2. What is the units digit of l(o)?
3
Let i = 7 - -3. What is the units digit of i?
0
Let o(x) = -x**2 + x + 4. Let v be o(3). Let a be 8/6 - v/3. Suppose -a*w + 9 = 5*r - 0*w, 3*w + 6 = -r. What is the units digit of r?
3
Suppose 5*n + 119 = -m, -n + 4*n - 3*m + 75 = 0. What is the units digit of (n/(-15))/(2/5)?
4
Suppose -2*o + 2*h = -0*h, 2*h + 6 = 4*o. Suppose o*z - 6 = -0. Suppose z*t + 0*t = 2. What is the units digit of t?
1
Let h(l) be the second derivative of l**4/12 + l**3/6 - 6*l**2 + 4*l. What is the units digit of h(-5)?
8
Let m(q) = 3*q**2 + q - 3. Let k(y) = -4*y**2 - y + 4. Let h(j) = -4*k(j) - 5*m(j). What is the units digit of h(-2)?
5
Let h be (9/3 + -7)*-1. Suppose 5*s = s + h. What is the units digit of s?
1
Suppose -8 = -4*m + 4*x, 4*m - 5*x - 2 - 2 = 0. What is the units digit of m?
6
Let s be -1 - 10 - (5 + -4). Let c = s - -17. Suppose c*h - 50 = 4*d, 5*d - 4 - 26 = -3*h. What is the tens digit of h?
1
Suppose -4*q = -0*q - 12. Suppose -3*j + 0*j + 60 = -3*p, q*p - 8 = -j. Suppose j = -4*s + 41. What is the units digit of s?
6
Let r(j) = 3*j + 15. Let t be r(-5). Let o(n) = 3*n**2 - 1. Let w be o(-1). Suppose -3 = -3*u, -4*u - 42 = -w*y - t*y. What is the units digit of y?
3
Let s = 29 + -6. What is the units digit of s?
3
Suppose f + 3*s - 4 = 0, 0*f + s - 18 = -2*f. Let k = f - 16. What is the tens digit of 3/k - (-58)/4?
1
Let k = 682 + -487. What is the hundreds digit of k?
1
Let t(x) = x**2 + x - 12. What is the tens digit of t(12)?
4
Suppose -3*i = -d + 27, -4*i - 91 = -d - 2*d. What is the units digit of d?
3
Let y(t) = -18*t + 1. What is the tens digit of y(-2)?
3
Let a(s) = s - 2. Let f be a(4). Suppose 3*j - 24 = f*d, 3*d + 4*j + 14 = -2*d. Let u = d - -10. What is the units digit of u?
4
Let g = -30 - -62. Let y = g + -20. What is the units digit of 34/6 - (-4)/y?
6
Let p be 30 + -2 + (2 - 0). Let k = p + -7. What is the units digit of k?
3
What is the tens digit of (-31)/(-3*(2/(-3))/(-2))?
3
Suppose -5*v + 5*w + 20 = 0, 5*w - 1 - 11 = -3*v. What is the units digit of v?
4
Suppose 0 = -5*h - 4*o + 101, 0 = 2*h - 4*o - 15 - 31. What is the units digit of h?
1
Let g(v) be the second derivative of v**4/12 - v**3/6 + 3*v**2/2 - 4*v. What is the tens digit of g(4)?
1
Let n(s) = -s**3 + 15*s**2 + 7. What is the units digit of n(15)?
7
Let c(m) = m - 5. Let v be c(9). Suppose 2*u + 80 = v*q + 28, 4*q = 20. What is the tens digit of ((-5)/(-4))/((-2)/u)?
1
Let n(z) = 12*z**2 + z - 1. Suppose 0 = 6*t - t - 5. What is the tens digit of n(t)?
1
Let n(b) = -b**3 - 9*b**2 + 10*b + 6. Let i = -6 + 8. Let f be -12 - (i + (-12)/3). What is the units digit of n(f)?
6
Let h = 58 + -28. Suppose y = 3*y - h. What is the tens digit of y?
1
Let z = 292 + -192. Suppose 0 = -4*k - 4*o + z, -k = -0*o + 2*o - 22. Let j = k + -18. What is the units digit of j?
0
Let z(x) = x**2 + x - 13. What is the units digit of z(-7)?
9
Suppose -3*m + 7 - 22 = 3*n, 3*n = -m - 21. Let t be -3 + -1 + -1*2. Let p = t - n. What is the units digit of p?
2
Suppose -5*j = 5, 0*r - 52 = -r + 2*j. What is the tens digit of r?
5
Let f = -11 - -7. What is the units digit of (-42)/f + (-12)/8?
9
Suppose -22*t = -20*t. Suppose 0 = -7*d + 2*d + 75. Suppose t = -2*n - 3*n + d. What is the units digit of n?
3
Suppose 0 = 3*a - 8*a + 440. Let k = a + -56. What is the tens digit of k?
3
Let d = -14 - -16. Suppose 0 = 3*n - 5*q - 119, d*n - q - 101 = -2*q. What is the units digit of n?
8
Suppose -r + 15 = -3*f, 4*r - 2*f + 6 - 26 = 0. Suppose -2*s = s - r. What is the units digit of s?
1
Let i be 33/(-6)*-2 + -4. Let c(r) = r**3 - 8*r**2 + 9*r - 4. What is the tens digit of c(i)?
1
Suppose 194 = 4*c - 190. What is the units digit of c?
6
Let p = -49 - -112. What is the tens digit of p?
6
Suppose 3*j + 4 = 5*j. Suppose 0 = -j*g + 44 - 4. What is the tens digit of g?
2
Suppose 2*q = 4*q + 3*k - 16, 16 = -2*q + 5*k. Suppose 0 = q*r + r + 2*m - 121, -r = 3*m - 52. What is the units digit of r?
7
Suppose 3*c - x - 68 = 0, 8*c - 2*x = 3*c + 115. What is the units digit of c?
1
Let h(a) = -a**3 - 4*a**2 + 7*a - 3. Suppose u - 4*u = d + 17, 25 = -4*u + d. What is the units digit of h(u)?
7
Let h = 8 + -7. Let x be 2 + 3/(-1 + 2). Let q = x + h. What is the units digit of q?
6
Suppose 4*k = -5*a - 0*k, k = 5*a. Suppose a = -h - 0*h. Suppose -3*m + 34 = -m + v, m + 2*v - 20 = h. What is the units digit of m?
6
Let i be 2/1 - (-4 - -21). Let m be 6/15 + (-24)/i. Let c = m + 2. What is the units digit of c?
4
Let v(h) = -h**2 - 6*h + 9. Let d be v(-7). Let m be -4 + 1 + d*1. What is the units digit of (-10)/(-4) + m/2?
2
S